 What is the greatest common factor of 7 and z?
1
Suppose 0 = 6*r + 10*r - 1152. What is the greatest common factor of r and 18?
18
Suppose 5 = 5*n, d = 3*d + 2*n - 290. Calculate the greatest common factor of d and 16.
16
Suppose 12 = u - 3*j, 0 = 2*u + 5*j - 35 + 11. Suppose -8*a = -3*a - 180. Calculate the highest common factor of u and a.
12
Suppose 20 = 4*u, -2*p + p + 3*u - 10 = 0. Suppose -2*r + 83 = o + 4*o, -2*o + 10 = -5*r. Calculate the highest common factor of p and o.
5
Suppose 4*r - 340 = -5*z + z, -4*r = -5*z + 416. Calculate the greatest common divisor of z and 24.
12
Let o be (-4)/(2 + (-24)/9). Let f = -4 + o. Suppose f*c = -3*c + 30. Calculate the greatest common divisor of c and 66.
6
Let v = 10 + 2. Let j(c) = -c + 4. Let r be j(3). Suppose 0 = 5*z + r - 21. What is the greatest common factor of v and z?
4
Let b(a) = a**3 - 9*a**2 + 11*a - 14. Let y be b(8). Suppose 0*s - 2*s = -80. What is the highest common divisor of s and y?
10
Let k be 112/(-24)*6/(-4). What is the highest common factor of 7 and k?
7
Let q be (70/(-7))/(2/(-4)). Let y be (-54)/(-13) + (-12)/78. What is the highest common divisor of q and y?
4
Let o = -38 + 73. Suppose -5*z - 2*m + o = -6, -5*z = -5*m - 55. Calculate the highest common factor of z and 18.
9
Suppose 2*w = w + 5*k + 23, -5*k - 20 = 0. Suppose -5*a = -2*y - 100, -w*y - 69 = -5*a + 36. What is the highest common factor of a and 45?
9
Let u = 1 + 10. Let a = 7 - 2. Let m be (a - 3) + (0 - -9). What is the greatest common factor of m and u?
11
Let i(m) = m**2 + 6*m + 2. Let l be i(-5). Let y = -3 + 2. Let d be (-13)/l + y/3. What is the greatest common factor of 1 and d?
1
Suppose -4*h + 48 = 2*h. What is the greatest common divisor of h and 32?
8
Suppose -48 = -4*d - 0. Calculate the greatest common divisor of d and 16.
4
Let w(m) = m**2 + m - 1. Let a(p) = -3*p - 3. Let g be a(-2). Let t be w(g). Calculate the highest common factor of t and 44.
11
Let s(h) = -25*h + 1. Let n be s(-7). Calculate the greatest common factor of 16 and n.
16
Let o(a) = 2*a + 57. Let h be o(-16). What is the highest common divisor of h and 125?
25
Suppose 0 = 3*h - 9 + 3. What is the highest common divisor of 22 and h?
2
Suppose -24 = n + 4*l, 0 = n + 2*l - 1 + 17. Let g be (-2)/n + 114/24. Suppose 3 = -2*r + 83. What is the highest common factor of r and g?
5
Suppose 8 = -4*q, 4*m + 2*q + 2 = 22. Let u = m + 44. Suppose 4*p - 4*z - 40 = 0, 4*p - 40 = -z - 2*z. Calculate the highest common factor of p and u.
10
Let d be (-20)/6*12/(-8). Let o = 4 + 1. Suppose -d*t + 375 = -o*m, 4*m = t - m - 55. Calculate the greatest common divisor of t and 16.
16
Suppose 0 = -5*b + 40 + 35. Suppose -12 = -n - 3*n. Calculate the greatest common divisor of b and n.
3
Let p(x) = 2*x**2 - 6*x + 1. Suppose -4*l + 9 + 11 = 0. Let w be p(l). What is the highest common divisor of w and 21?
21
Suppose 5*f + 16 = -2*b, -f - 4 = 4*b + 2*f. Suppose d - 4*c = c + 20, 0 = -2*d + 3*c + 5. Let z = d - -10. Calculate the highest common divisor of b and z.
1
Let r(s) = -1 - 3*s + 3*s + 2*s. Let o be r(6). Suppose 5*n = 5*k + 28 + 2, -3*n + 38 = k. Calculate the greatest common divisor of n and o.
11
Suppose 3*r - 11*p = -14*p + 105, 0 = 5*r - p - 163. What is the highest common divisor of 231 and r?
33
Let i = -12 - -21. Suppose -v = 4*v + 4*y - 237, -3*v - 3*y = -144. What is the highest common factor of i and v?
9
Let j = -69 - -118. What is the highest common factor of 7 and j?
7
Suppose -2*z = z. Suppose -j + 25 = -4*a + 70, z = -5*a + 5*j + 60. Let c = 22 - a. What is the greatest common factor of 55 and c?
11
Suppose 1022 = 4*n - 0*n - 2*y, -4*n + 1016 = 4*y. Let i = n + -170. Let z = 1 + 33. Calculate the greatest common factor of i and z.
17
Suppose 2*p + p - 1 = 2*n, 4*p = -3*n + 7. Suppose 0 = -3*g - g + 4. Calculate the highest common divisor of n and g.
1
Let d = 34 + -20. Let t be 3/(-6)*7*-2. Let k = d - t. Calculate the highest common factor of k and 28.
7
Suppose 3*n - 5*n + 16 = 0. Suppose 24 = -p + 5*p - 2*u, -u + n = 2*p. What is the greatest common factor of 55 and p?
5
Let x be (-4)/7 + (-1452)/(-42). Calculate the greatest common divisor of 17 and x.
17
Let b = 1 + 2. Let w be 13/b - 4/12. What is the highest common divisor of 10 and w?
2
Let g be 5/((-5)/(-1)) - -3. What is the greatest common divisor of g and 4?
4
Let u be -2 + 69 + (-2 - 2). What is the highest common factor of 7 and u?
7
Suppose 9*g - 63 = 2*g. Calculate the highest common divisor of 81 and g.
9
Let t = -542 - -939. Let f = -245 + -9. Let n = t + f. What is the greatest common factor of n and 13?
13
Suppose 0 = -3*q - 0*q + 297. What is the greatest common factor of 9 and q?
9
Let z(o) = o**3 + 2*o**2 - 2*o + 3. Let h be z(3). Let s = 23 - -82. Calculate the greatest common factor of h and s.
21
Let q be 1 - -6 - 270/(-54). Suppose 7*m = 4*m + 72. Calculate the highest common divisor of m and q.
12
Let w be (-32)/20*10/(-4). Suppose -n + w = 5. Let r be n/(-2)*(160 - 0). What is the highest common divisor of r and 10?
10
Let v = -2 + 0. Let j(u) = u**3 + 2*u**2 - u + 1. Let k be j(v). Suppose -4*w = -k*w - 18. Calculate the greatest common divisor of 2 and w.
2
Let j(x) = x**3 - 4*x**2 - 3*x - 6. Let d be (-2 + (-3)/(-2))*-10. Let i be j(d). Let u = -23 - -33. What is the highest common divisor of i and u?
2
Let x(y) be the third derivative of y**4/6 + y**3/3 - 2*y**2. Let c be x(2). Suppose -h = -c + 2. Calculate the highest common divisor of 64 and h.
8
Let h be (-1)/(-1 - (-4)/5). Suppose 0 = 4*x + 4*g - 532, -174 - 476 = -h*x - 2*g. What is the greatest common factor of x and 16?
16
Suppose g - 3*q = -g + 91, 179 = 4*g - 5*q. Calculate the greatest common divisor of g and 164.
41
Let k be (41/(-2))/((-1)/2). Let h = k - 25. What is the greatest common divisor of h and 32?
16
Suppose -12 = 14*i - 17*i. Let n = -1 - -5. What is the greatest common divisor of n and i?
4
Suppose -3*r = -6*r - 3*x + 180, 0 = -4*r + 3*x + 205. Suppose 89 = 4*p - r. Calculate the highest common factor of p and 9.
9
Let w(q) = -3*q - 12. Let t be w(-12). What is the highest common factor of t and 6?
6
Let l(x) = x**3 + 3*x**2 - 6*x - 6. Let g be l(-4). Calculate the greatest common factor of g and 2.
2
Let x(y) = -350*y**3 + 2*y**2 - 1. Let p be x(2). Let g be p/(-28) + (-2)/(-8). Let r be (3/(-1))/(3/(-20)). What is the greatest common factor of r and g?
20
Let z = 1 + -1. Suppose -2*x + 1 + z = 3*w, -23 = -5*w + 2*x. Suppose 12 + 69 = w*s. Calculate the highest common divisor of 3 and s.
3
Suppose 4*x + 0*a = -a + 11, -5*a = -3*x + 37. Let c be (-19)/(-2) - 2/x. What is the highest common factor of 9 and c?
9
Suppose 4*o + 4 = -4*g, -o - 3*g + 4 = 13. What is the highest common factor of 3 and o?
3
Let o(n) = -2*n - 1. Let c be o(-3). What is the greatest common divisor of c and 20?
5
Let n = -5 + 12. Suppose -5*x = 3*u - n*u - 20, -4*x = -2*u - 16. What is the greatest common factor of 4 and x?
4
Let i(p) = p**3 + 7*p**2 + 5*p - 1. Suppose 0*r + 18 = -3*r. Let s be i(r). Calculate the greatest common divisor of 35 and s.
5
Suppose -w + 103 = -41. Calculate the highest common divisor of 18 and w.
18
Suppose 4*b = 3*d - 32, d + 0*b - 12 = 2*b. Let n = -7 - -1. Let z = n + d. Calculate the highest common factor of z and 14.
2
Let y(f) = 53*f**3 + 2*f**2 - 1. Let s be y(-1). Let m = -37 - s. Calculate the greatest common factor of m and 105.
15
Suppose 3*r - 60 = -2*r. Suppose -2*b = 3*t - 17, 5*t - 31 = -10*b + 6*b. Calculate the greatest common divisor of b and r.
4
Suppose 2*i - 4*b - 210 = 0, 2*b = 4*b + 6. Let l = 14 + -5. What is the greatest common divisor of i and l?
9
Suppose 0 = 2*i + v - 12, 24 = 7*i - 2*i + v. Suppose -5*u + 10 + 35 = 4*l, l + i*u = 3. Calculate the greatest common factor of l and 135.
15
Let k(f) = f**2 - 2. Let z be k(2). Suppose 16 = -z*c + 4*p, c = 3*c - 3*p + 12. Suppose -4*q + 39 - 11 = c. What is the greatest common factor of 63 and q?
7
Let o be (4/3)/((-2)/(-6)). Suppose o*t - 1 = 7. Suppose -2*k + 26 = -3*h, -12 - 4 = -t*k - 2*h. Calculate the greatest common factor of 10 and k.
10
Suppose 0 = 5*d - j - 28 + 8, -5*d + 35 = 2*j. Let r = 0 + 0. Suppose r*v - 20 = -d*v. What is the greatest common divisor of 24 and v?
4
Suppose 0*i -